{"id":156,"date":"2015-03-17T10:03:24","date_gmt":"2015-03-17T13:03:24","guid":{"rendered":"https:\/\/ingabor.com.br\/site\/?page_id=156"},"modified":"2023-02-01T17:02:57","modified_gmt":"2023-02-01T20:02:57","slug":"contato","status":"publish","type":"page","link":"https:\/\/ingabor.com.br\/site\/contato\/","title":{"rendered":"Contato"},"content":{"rendered":"[vc_row][vc_column width=&#8221;1\/2&#8243;][vc_custom_heading text=&#8221;Entre em contato&#8221; font_container=&#8221;tag:h2|font_size:16px|text_align:left&#8221; use_theme_fonts=&#8221;yes&#8221;][vc_column_text]\n<h2><span class=\"ticon ticon-phone\" aria-hidden=\"true\" style=\"color:#333;margin-left:20px;margin-right:5px;\"><\/span> (51) 3592 4255<\/h2>\n<h2><span class=\"ticon ticon-whatsapp\" aria-hidden=\"true\" style=\"color:#333;margin-left:20px;margin-right:5px;\"><\/span> (51) 996 123 179<\/h2>\n<p>Para or\u00e7amento de desenvolvimento de produto:<br \/>\n<span class=\"ticon ticon-envelope\" aria-hidden=\"true\" style=\"color:#333;margin-left:20px;margin-right:5px;\"><\/span> <a href=\"mailto:ingabor@ingabor.com.br\">ingabor@ingabor.com.br<\/a><\/p>\n<p>Para or\u00e7amento de produtos do site:<br \/>\n<span class=\"ticon ticon-envelope\" aria-hidden=\"true\" style=\"color:#333;margin-left:20px;margin-right:5px;\"><\/span> <a href=\"mailto:vendas@ingabor.com.br\">vendas@ingabor.com.br <\/a><\/p>\n<p>Para consulta t\u00e9cnica:<br \/>\n<span class=\"ticon ticon-envelope\" aria-hidden=\"true\" style=\"color:#333;margin-left:20px;margin-right:5px;\"><\/span> <a href=\"mailto:laboratorio@ingabor.com.br\">laboratorio@ingabor.com.br<\/a><\/p>\n[njwa_button id=&#8221;4537&#8243;][\/vc_column_text][\/vc_column][vc_column css_animation=&#8221;appear&#8221; width=&#8221;1\/2&#8243; padding_top=&#8221;35px&#8221; margin_top=&#8221;-45px&#8221;][vc_column_text]\n<h2>Rua Cristov\u00e3o Colombo, 425, Bairro Santa Tereza, S\u00e3o Leopoldo, Rio Grande do Sul &#8211; CEP 93037-080<\/h2>\n[\/vc_column_text][vc_gmaps link=&#8221;#E-8_JTNDaWZyYW1lJTIwc3JjJTNEJTIyaHR0cHMlM0ElMkYlMkZ3d3cuZ29vZ2xlLmNvbSUyRm1hcHMlMkZlbWJlZCUzRnBiJTNEJTIxMW0xOCUyMTFtMTIlMjExbTMlMjExZDM0NjIuNjY5MTc2NTg2OTM2JTIxMmQtNTEuMTQwNzczNDg0OTcwNjglMjEzZC0yOS43ODcyMDYwODE5NzY1OTYlMjEybTMlMjExZjAlMjEyZjAlMjEzZjAlMjEzbTIlMjExaTEwMjQlMjEyaTc2OCUyMTRmMTMuMSUyMTNtMyUyMTFtMiUyMTFzMHg5NTE5NjhlMjY1ZDhiNDUzJTI1M0EweGJlZDQ5NmZjNmYwYjlkNmUlMjEyc1IuJTJCQ3Jpc3QlMjVDMyUyNUIzdiUyNUMzJTI1QTNvJTJCQ29sb21ibyUyNTJDJTJCNDI1JTJCLSUyQlNhbnRhJTJCVGVyZXNhJTI1MkMlMkJTJTI1QzMlMjVBM28lMkJMZW9wb2xkbyUyQi0lMkJSUyUyMTVlMCUyMTNtMiUyMTFzcHQtQlIlMjEyc2JyJTIxNHYxNTAzMDg3MjQyNzIwJTIyJTIwd2lkdGglM0QlMjI0NzAlMjIlMjBoZWlnaHQlM0QlMjI2MDAlMjIlMjBmcmFtZWJvcmRlciUzRCUyMjAlMjIlMjBzdHlsZSUzRCUyMmJvcmRlciUzQTAlMjIlMjBhbGxvd2Z1bGxzY3JlZW4lM0UlM0MlMkZpZnJhbWUlM0U=&#8221; size=&#8221;420&#8243;][\/vc_column][\/vc_row]","protected":false},"excerpt":{"rendered":"<p>[vc_row][vc_column width=&#8221;1\/2&#8243;][vc_custom_heading text=&#8221;Entre em contato&#8221; font_container=&#8221;tag:h2|font_size:16px|text_align:left&#8221; use_theme_fonts=&#8221;yes&#8221;][vc_column_text] (51) 3592 4255 (51) 996 123 179 Para or\u00e7amento de desenvolvimento de produto: ingabor@ingabor.com.br Para or\u00e7amento de produtos do site: vendas@ingabor.com.br Para consulta t\u00e9cnica: laboratorio@ingabor.com.br [njwa_button id=&#8221;4537&#8243;][\/vc_column_text][\/vc_column][vc_column css_animation=&#8221;appear&#8221; width=&#8221;1\/2&#8243; padding_top=&#8221;35px&#8221; margin_top=&#8221;-45px&#8221;][vc_column_text] Rua Cristov\u00e3o Colombo, 425, Bairro Santa Tereza, S\u00e3o Leopoldo, Rio Grande do Sul &#8211; CEP 93037-080 [\/vc_column_text][vc_gmaps&hellip;<\/p>\n","protected":false},"author":1,"featured_media":0,"parent":0,"menu_order":0,"comment_status":"closed","ping_status":"closed","template":"","meta":{"footnotes":""},"class_list":["post-156","page","type-page","status-publish","hentry","entry","no-media"],"_links":{"self":[{"href":"https:\/\/ingabor.com.br\/site\/wp-json\/wp\/v2\/pages\/156","targetHints":{"allow":["GET"]}}],"collection":[{"href":"https:\/\/ingabor.com.br\/site\/wp-json\/wp\/v2\/pages"}],"about":[{"href":"https:\/\/ingabor.com.br\/site\/wp-json\/wp\/v2\/types\/page"}],"author":[{"embeddable":true,"href":"https:\/\/ingabor.com.br\/site\/wp-json\/wp\/v2\/users\/1"}],"replies":[{"embeddable":true,"href":"https:\/\/ingabor.com.br\/site\/wp-json\/wp\/v2\/comments?post=156"}],"version-history":[{"count":23,"href":"https:\/\/ingabor.com.br\/site\/wp-json\/wp\/v2\/pages\/156\/revisions"}],"predecessor-version":[{"id":4544,"href":"https:\/\/ingabor.com.br\/site\/wp-json\/wp\/v2\/pages\/156\/revisions\/4544"}],"wp:attachment":[{"href":"https:\/\/ingabor.com.br\/site\/wp-json\/wp\/v2\/media?parent=156"}],"curies":[{"name":"wp","href":"https:\/\/api.w.org\/{rel}","templated":true}]}}